{"id":7308,"date":"2023-07-03T14:32:29","date_gmt":"2023-07-03T14:32:29","guid":{"rendered":"https:\/\/centralgroup.africa\/?post_type=product&#038;p=7308"},"modified":"2023-07-03T14:32:29","modified_gmt":"2023-07-03T14:32:29","slug":"rouleaux-haussiers","status":"publish","type":"product","link":"https:\/\/centralgroup.africa\/index.php\/product\/rouleaux-haussiers\/","title":{"rendered":"ROULEAUX HAUSSIERS"},"content":{"rendered":"<p>Sp\u00e9cifications techniques<br \/>\nCONSTRUCTION L\u00c9G\u00c8RE<br \/>\nGRANDE POIGN\u00c9E DE MANIVELLE POUR UNE UTILISATION MANUELLE<br \/>\nOPTION FREIN \u00c0 PIED<br \/>\nMANIVELLE SUR LES DEUX C\u00d4T\u00c9S POSSIBLES<\/p>\n","protected":false},"excerpt":{"rendered":"<p>Les amarres, non stock\u00e9es sur un treuil d\u2019amarrage, n\u00e9cessitent beaucoup d\u2019espace et peuvent provoquer des situations dangereuses. Le rouleau haussier THR est la solution \u00e0 ces probl\u00e8mes. Le rouleau hawser peut \u00eatre livr\u00e9 en deux mod\u00e8les diff\u00e9rents. Le simple permet un stockage facile en combinaison avec un fonctionnement mod\u00e9r\u00e9 et des caract\u00e9ristiques de mat\u00e9riau. Le type le plus avanc\u00e9 est \u00e9quip\u00e9 en standard d\u2019un arbre en acier inoxydable et de roulements en polyamide. Une manivelle est livr\u00e9e en standard sur ce type. Les lignes \u2013 acier ou synth\u00e9tique \u2013 peuvent \u00eatre stock\u00e9es sur la bobine en plusieurs couches. La bobine elle-m\u00eame peut \u00eatre actionn\u00e9e manuellement ou \u00e9lectriquement. Le rouleau hawser peut \u00eatre \u00e9quip\u00e9 d\u2019un frein \u00e0 pied. Le rouleau hawser est normalement construit en acier standard, enduit d\u2019un appr\u00eat \u00e0 2 couches. L\u2019application d\u2019un syst\u00e8me de conservation complet ou la galvanisation du rouleau est \u00e9galement possible.<\/p>\n","protected":false},"featured_media":7309,"comment_status":"open","ping_status":"closed","template":"","meta":[],"product_cat":[],"product_tag":[],"_links":{"self":[{"href":"https:\/\/centralgroup.africa\/index.php\/wp-json\/wp\/v2\/product\/7308"}],"collection":[{"href":"https:\/\/centralgroup.africa\/index.php\/wp-json\/wp\/v2\/product"}],"about":[{"href":"https:\/\/centralgroup.africa\/index.php\/wp-json\/wp\/v2\/types\/product"}],"replies":[{"embeddable":true,"href":"https:\/\/centralgroup.africa\/index.php\/wp-json\/wp\/v2\/comments?post=7308"}],"wp:featuredmedia":[{"embeddable":true,"href":"https:\/\/centralgroup.africa\/index.php\/wp-json\/wp\/v2\/media\/7309"}],"wp:attachment":[{"href":"https:\/\/centralgroup.africa\/index.php\/wp-json\/wp\/v2\/media?parent=7308"}],"wp:term":[{"taxonomy":"product_cat","embeddable":true,"href":"https:\/\/centralgroup.africa\/index.php\/wp-json\/wp\/v2\/product_cat?post=7308"},{"taxonomy":"product_tag","embeddable":true,"href":"https:\/\/centralgroup.africa\/index.php\/wp-json\/wp\/v2\/product_tag?post=7308"}],"curies":[{"name":"wp","href":"https:\/\/api.w.org\/{rel}","templated":true}]}}