{"id":7252,"date":"2023-06-23T16:01:54","date_gmt":"2023-06-23T16:01:54","guid":{"rendered":"https:\/\/centralgroup.africa\/?post_type=product&#038;p=7252"},"modified":"2023-06-23T16:01:56","modified_gmt":"2023-06-23T16:01:56","slug":"fluides-hydrauliques-biodegradables","status":"publish","type":"product","link":"https:\/\/centralgroup.africa\/index.php\/product\/fluides-hydrauliques-biodegradables\/","title":{"rendered":"FLUIDES HYDRAULIQUES BIOD\u00c9GRADABLES"},"content":{"rendered":"","protected":false},"excerpt":{"rendered":"<p>ECOSURE est une gamme de fluides hydrauliques biod\u00e9gradables, hautes performances et anti-usure. Disponible en viscosit\u00e9s ISO 22, 32, 46, 68 et 100. Ces fluides utilisent une technologie d\u2019additif sans cendres et sans zinc de pointe.<\/p>\n<p>ECOSURE HSE est un fluide hydraulique hautes performances conforme VGP destin\u00e9 \u00e0 un usage intensif. ECOSURE EAF est un fluide hydraulique conforme VGP pour une utilisation avec la plupart des \u00e9quipements de pont. ECOSURE dispose d\u2019une large gamme d\u2019homologations OEM, notamment Eaton et Parker Hannifin Denison.<\/p>\n<p>PRODUITS ECOSURE<br \/>\nLa gamme ECOSURE a un excellent profil de temp\u00e9rature de viscosit\u00e9 et contrairement \u00e0 de nombreux fluides hydrauliques min\u00e9raux \u00e0 VI \u00e9lev\u00e9, ECOSURE n\u2019utilise pas d\u2019am\u00e9liorants d\u2019indice de viscosit\u00e9, donc ne se cisaillera pas en cours d\u2019utilisation.<\/p>\n<p>Les produits ECOSURE offrent un fonctionnement am\u00e9lior\u00e9 et des risques environnementaux r\u00e9duits, ce qui se traduit par des \u00e9conomies de co\u00fbts globales.<\/p>\n<p>ECOSURE d\u00e9passe les exigences de la norme ISO 15380 pour les fluides hydrauliques respectueux de l\u2019environnement.Les produits ECOSURE atteignent une biod\u00e9gradabilit\u00e9 sup\u00e9rieure \u00e0 60% lors du test OCDE 301B de 28 jours et sont consid\u00e9r\u00e9s comme non toxiques dans le milieu marin sur la base des r\u00e9sultats suivants:<\/p>\n<p>POISSONS DAPHNIA ALGUES<\/p>\n<p>CL50 d\u00e9passe 1000 mg \/ l CE50 d\u00e9passe 1000 mg \/ l CE50 d\u00e9passe 1000 mg \/ l<\/p>\n","protected":false},"featured_media":7253,"comment_status":"open","ping_status":"closed","template":"","meta":[],"product_cat":[],"product_tag":[],"_links":{"self":[{"href":"https:\/\/centralgroup.africa\/index.php\/wp-json\/wp\/v2\/product\/7252"}],"collection":[{"href":"https:\/\/centralgroup.africa\/index.php\/wp-json\/wp\/v2\/product"}],"about":[{"href":"https:\/\/centralgroup.africa\/index.php\/wp-json\/wp\/v2\/types\/product"}],"replies":[{"embeddable":true,"href":"https:\/\/centralgroup.africa\/index.php\/wp-json\/wp\/v2\/comments?post=7252"}],"wp:featuredmedia":[{"embeddable":true,"href":"https:\/\/centralgroup.africa\/index.php\/wp-json\/wp\/v2\/media\/7253"}],"wp:attachment":[{"href":"https:\/\/centralgroup.africa\/index.php\/wp-json\/wp\/v2\/media?parent=7252"}],"wp:term":[{"taxonomy":"product_cat","embeddable":true,"href":"https:\/\/centralgroup.africa\/index.php\/wp-json\/wp\/v2\/product_cat?post=7252"},{"taxonomy":"product_tag","embeddable":true,"href":"https:\/\/centralgroup.africa\/index.php\/wp-json\/wp\/v2\/product_tag?post=7252"}],"curies":[{"name":"wp","href":"https:\/\/api.w.org\/{rel}","templated":true}]}}