{"id":7157,"date":"2023-06-21T15:39:55","date_gmt":"2023-06-21T15:39:55","guid":{"rendered":"https:\/\/centralgroup.africa\/?post_type=product&#038;p=7157"},"modified":"2023-06-21T15:39:55","modified_gmt":"2023-06-21T15:39:55","slug":"bossoirs-avec-portique-en-a","status":"publish","type":"product","link":"https:\/\/centralgroup.africa\/index.php\/product\/bossoirs-avec-portique-en-a\/","title":{"rendered":"BOSSOIRS AVEC PORTIQUE EN A"},"content":{"rendered":"<p>Manipulation des embarcations<br \/>\nManutention de defenses<br \/>\nIntervention sur puits offshore (manipulation des modules)<br \/>\nManipulation des sous-marins (avec utilisation d\u2019un treuil AHC)<br \/>\nSur demande des clients, les bossoirs peuvent \u00eatre \u00e9quip\u00e9s d\u2019un appareil de mesure de charge.<br \/>\nMOTORISATION<br \/>\nEntra\u00eenement hydraulique SWL de 10 \u00e0 250 t<br \/>\nConception robuste pour r\u00e9pondre aux exigences des environnements difficiles<br \/>\nFacile \u00e0 monter \/ d\u00e9monter sur le pont (peut \u00eatre d\u00e9plac\u00e9 d\u2019un navire \u00e0 l\u2019autre)<br \/>\nContr\u00f4le local et \/ ou \u00e0 distance (contr\u00f4le de pont)<br \/>\nTREUILS<br \/>\nUnit\u00e9s de puissance (unit\u00e9s int\u00e9gr\u00e9es et autonomes)<br \/>\nTreuils<br \/>\nT\u00e9l\u00e9commande<br \/>\nInterface de pont boulonn\u00e9<\/p>\n","protected":false},"excerpt":{"rendered":"<p>Les bossoirs avec portique en A sont livr\u00e9s pour un montage arri\u00e8re ou lat\u00e9ral. Les cadres A sont livr\u00e9s selon les exigences \/ sp\u00e9cifications du client. Plusieurs options sont disponibles. Le cable peut p\u00e9n\u00e9trer dans le cadre en A directement sur la poulie centrale ou \u00e0 travers les poulies le long de l\u2019une des jambes. Les cadres en A peuvent \u00eatre livr\u00e9s en mod\u00e8les \u00e0 chute simple (un cylindre de chaque c\u00f4t\u00e9) ou \u00e0 double chute (deux cylindres hydrauliques de chaque c\u00f4t\u00e9).<\/p>\n","protected":false},"featured_media":7158,"comment_status":"open","ping_status":"closed","template":"","meta":[],"product_cat":[],"product_tag":[],"_links":{"self":[{"href":"https:\/\/centralgroup.africa\/index.php\/wp-json\/wp\/v2\/product\/7157"}],"collection":[{"href":"https:\/\/centralgroup.africa\/index.php\/wp-json\/wp\/v2\/product"}],"about":[{"href":"https:\/\/centralgroup.africa\/index.php\/wp-json\/wp\/v2\/types\/product"}],"replies":[{"embeddable":true,"href":"https:\/\/centralgroup.africa\/index.php\/wp-json\/wp\/v2\/comments?post=7157"}],"wp:featuredmedia":[{"embeddable":true,"href":"https:\/\/centralgroup.africa\/index.php\/wp-json\/wp\/v2\/media\/7158"}],"wp:attachment":[{"href":"https:\/\/centralgroup.africa\/index.php\/wp-json\/wp\/v2\/media?parent=7157"}],"wp:term":[{"taxonomy":"product_cat","embeddable":true,"href":"https:\/\/centralgroup.africa\/index.php\/wp-json\/wp\/v2\/product_cat?post=7157"},{"taxonomy":"product_tag","embeddable":true,"href":"https:\/\/centralgroup.africa\/index.php\/wp-json\/wp\/v2\/product_tag?post=7157"}],"curies":[{"name":"wp","href":"https:\/\/api.w.org\/{rel}","templated":true}]}}