{"id":7092,"date":"2023-06-20T15:40:05","date_gmt":"2023-06-20T15:40:05","guid":{"rendered":"https:\/\/centralgroup.africa\/?post_type=product&#038;p=7092"},"modified":"2023-06-20T15:40:05","modified_gmt":"2023-06-20T15:40:05","slug":"stabilisateurs-a-vitesse-nulle-non-retractables-type-fz","status":"publish","type":"product","link":"https:\/\/centralgroup.africa\/index.php\/product\/stabilisateurs-a-vitesse-nulle-non-retractables-type-fz\/","title":{"rendered":"STABILISATEURS \u00c0 VITESSE NULLE NON R\u00c9TRACTABLES TYPE FZ"},"content":{"rendered":"<ul>\n<li>Actionneur \u00e0 tiroirs rotatifs : extr\u00eamement compact, puissant et tr\u00e8s fiable; la transmission du couple est exempte de forces d\u00e9s\u00e9quilibr\u00e9es sur l\u2019aileron, \u00e9vitant des charges suppl\u00e9mentaires sur les roulements et assurant une grande pr\u00e9cision de mouvement de l\u2019aileron, permettant un angle de travail de \u00b1 60 \u00b0.<\/li>\n<li>Augmentation de la portance : meilleure r\u00e9duction du roulis.<\/li>\n<li>Transmission de force plus fluide : effet de secousses r\u00e9duit, confort accru.<\/li>\n<li>Zone des ailerons plus petite : r\u00e9sistance r\u00e9duite.<\/li>\n<li>Syst\u00e8me hydraulique support\u00e9 par accumulateur : taille r\u00e9duite des moteurs et des pompes, demande moindre en courant \u00e9lectrique, charge de pointe plus faible sur l\u2019alimentation, niveau de bruit r\u00e9duit, r\u00e9ponse du syst\u00e8me dynamique plus rapide, sert de source d\u2019alimentation hydraulique pour l\u2019\u00e9quipement secondaire.<\/li>\n<li>Conformit\u00e9 aux r\u00e9glementations des soci\u00e9t\u00e9s de classification, aux sp\u00e9cifications des conventions SOLAS et MARPOL 73\/78.<\/li>\n<li>Conforme \u00e0 la r\u00e9glementation Vessel General Permit (VGP) 2013.<\/li>\n<\/ul>\n","protected":false},"excerpt":{"rendered":"<p>Stabilisateur \u00e0 aileron non r\u00e9tractable pour une vitesse nulle et une stabilisation en marche pour tous types de navires.<\/p>\n","protected":false},"featured_media":7093,"comment_status":"open","ping_status":"closed","template":"","meta":[],"product_cat":[],"product_tag":[],"_links":{"self":[{"href":"https:\/\/centralgroup.africa\/index.php\/wp-json\/wp\/v2\/product\/7092"}],"collection":[{"href":"https:\/\/centralgroup.africa\/index.php\/wp-json\/wp\/v2\/product"}],"about":[{"href":"https:\/\/centralgroup.africa\/index.php\/wp-json\/wp\/v2\/types\/product"}],"replies":[{"embeddable":true,"href":"https:\/\/centralgroup.africa\/index.php\/wp-json\/wp\/v2\/comments?post=7092"}],"wp:featuredmedia":[{"embeddable":true,"href":"https:\/\/centralgroup.africa\/index.php\/wp-json\/wp\/v2\/media\/7093"}],"wp:attachment":[{"href":"https:\/\/centralgroup.africa\/index.php\/wp-json\/wp\/v2\/media?parent=7092"}],"wp:term":[{"taxonomy":"product_cat","embeddable":true,"href":"https:\/\/centralgroup.africa\/index.php\/wp-json\/wp\/v2\/product_cat?post=7092"},{"taxonomy":"product_tag","embeddable":true,"href":"https:\/\/centralgroup.africa\/index.php\/wp-json\/wp\/v2\/product_tag?post=7092"}],"curies":[{"name":"wp","href":"https:\/\/api.w.org\/{rel}","templated":true}]}}