{"id":7073,"date":"2023-06-20T02:10:52","date_gmt":"2023-06-20T02:10:52","guid":{"rendered":"https:\/\/centralgroup.africa\/?post_type=product&#038;p=7073"},"modified":"2023-06-20T14:57:28","modified_gmt":"2023-06-20T14:57:28","slug":"solutions-de-tube-detambot-lubrifies-a-leau","status":"publish","type":"product","link":"https:\/\/centralgroup.africa\/index.php\/product\/solutions-de-tube-detambot-lubrifies-a-leau\/","title":{"rendered":"SOLUTIONS DE TUBE D\u2019\u00c9TAMBOT LUBRIFI\u00c9S \u00c0 L\u2019EAU"},"content":{"rendered":"<h2>PALIERS D\u2019ARBRE CENTRAL CONSULTING<\/h2>\n<div class=\"texte\">\n<p>Les paliers d\u2019arbre Central Consulting sont caract\u00e9ris\u00e9s par :<\/p>\n<ul>\n<li>Une extr\u00eame r\u00e9sistance \u00e0 l\u2019usure<\/li>\n<li>La r\u00e9duction des vibrations<\/li>\n<li>Des pertes en \u00e9nergie faibles<\/li>\n<li>Une grande capacit\u00e9 de charge<\/li>\n<\/ul>\n<\/div>\n","protected":false},"excerpt":{"rendered":"<p>Central Consulting propose diff\u00e9rents types de solutions de ligne d\u2019arbre lubrifi\u00e9es \u00e0 l\u2019eau et \u00e0 l\u2019huile, telles que des paliers de ligne d\u2019arbre interm\u00e9diaire, des but\u00e9es pour forte charge, des coussinets et des solutions de tube d\u2019\u00e9tambot compl\u00e8tes afin de couvrir un large \u00e9ventail d\u2019applications.<\/p>\n","protected":false},"featured_media":7074,"comment_status":"open","ping_status":"closed","template":"","meta":[],"product_cat":[],"product_tag":[],"_links":{"self":[{"href":"https:\/\/centralgroup.africa\/index.php\/wp-json\/wp\/v2\/product\/7073"}],"collection":[{"href":"https:\/\/centralgroup.africa\/index.php\/wp-json\/wp\/v2\/product"}],"about":[{"href":"https:\/\/centralgroup.africa\/index.php\/wp-json\/wp\/v2\/types\/product"}],"replies":[{"embeddable":true,"href":"https:\/\/centralgroup.africa\/index.php\/wp-json\/wp\/v2\/comments?post=7073"}],"wp:featuredmedia":[{"embeddable":true,"href":"https:\/\/centralgroup.africa\/index.php\/wp-json\/wp\/v2\/media\/7074"}],"wp:attachment":[{"href":"https:\/\/centralgroup.africa\/index.php\/wp-json\/wp\/v2\/media?parent=7073"}],"wp:term":[{"taxonomy":"product_cat","embeddable":true,"href":"https:\/\/centralgroup.africa\/index.php\/wp-json\/wp\/v2\/product_cat?post=7073"},{"taxonomy":"product_tag","embeddable":true,"href":"https:\/\/centralgroup.africa\/index.php\/wp-json\/wp\/v2\/product_tag?post=7073"}],"curies":[{"name":"wp","href":"https:\/\/api.w.org\/{rel}","templated":true}]}}