{"id":2063,"date":"2020-12-12T19:00:20","date_gmt":"2020-12-12T19:00:20","guid":{"rendered":"https:\/\/demo.casethemes.net\/intime\/?page_id=2063"},"modified":"2020-12-12T19:00:20","modified_gmt":"2020-12-12T19:00:20","slug":"blog-carousel","status":"publish","type":"page","link":"https:\/\/centralgroup.africa\/index.php\/blog-carousel\/","title":{"rendered":"Blog Carousel"},"content":{"rendered":"\t\t<div data-elementor-type=\"wp-page\" data-elementor-id=\"2063\" class=\"elementor elementor-2063\">\n\t\t\t\t\t\t\t        <section class=\"elementor-section elementor-top-section elementor-element elementor-element-508f8d1f elementor-section-stretched elementor-section-boxed elementor-section-height-default elementor-section-height-default\" data-id=\"508f8d1f\" data-element_type=\"section\" data-settings=\"{&quot;stretch_section&quot;:&quot;section-stretched&quot;,&quot;background_background&quot;:&quot;classic&quot;}\">\n            \n                        <div class=\"elementor-container elementor-column-gap-extended \">\n                    <div class=\"elementor-column elementor-col-100 elementor-top-column elementor-element elementor-element-21ad42f0\" data-id=\"21ad42f0\" data-element_type=\"column\">\n            <div class=\"elementor-widget-wrap elementor-element-populated\">\n                                <section class=\"elementor-section elementor-inner-section elementor-element elementor-element-4db6de5a elementor-section-boxed elementor-section-height-default elementor-section-height-default\" data-id=\"4db6de5a\" data-element_type=\"section\">\n            \n                        <div class=\"elementor-container elementor-column-gap-extended \">\n                    <div class=\"elementor-column elementor-col-33 elementor-inner-column elementor-element elementor-element-185f0057\" data-id=\"185f0057\" data-element_type=\"column\">\n            <div class=\"elementor-widget-wrap\">\n                                    <\/div>\n        <\/div>\n                <div class=\"elementor-column elementor-col-33 elementor-inner-column elementor-element elementor-element-7007fd37\" data-id=\"7007fd37\" data-element_type=\"column\">\n            <div class=\"elementor-widget-wrap elementor-element-populated\">\n                        \t\t<div class=\"elementor-element elementor-element-277a757c elementor-widget elementor-widget-ct_heading\" data-id=\"277a757c\" data-element_type=\"widget\" data-widget_type=\"ct_heading.default\">\n\t\t\t\t<div class=\"elementor-widget-container\">\n\t\t\t<div class=\"ct-heading h-align-center item-st-default\">\r\n\t\t\t<div class=\"item--sub-title style-divider-center\">\r\n            <span>\r\n                Our latest news            <\/span>\r\n        <\/div>\r\n\t    <h3 class=\"item--title case-animate-time st-default \" data-wow-delay=\"ms\">\r\n        <span>Learn about our latest news from blog. <\/span>    <\/h3>\r\n<\/div>\r\n\r\n\t\t<\/div>\n\t\t\t\t<\/div>\n\t\t            <\/div>\n        <\/div>\n                <div class=\"elementor-column elementor-col-33 elementor-inner-column elementor-element elementor-element-20c6a1a4\" data-id=\"20c6a1a4\" data-element_type=\"column\">\n            <div class=\"elementor-widget-wrap\">\n                                    <\/div>\n        <\/div>\n                            <\/div>\n        <\/section>\n        \t\t<div class=\"elementor-element elementor-element-2f8418d8 elementor-widget elementor-widget-ct_blog_carousel\" data-id=\"2f8418d8\" data-element_type=\"widget\" data-widget_type=\"ct_blog_carousel.default\">\n\t\t\t\t<div class=\"elementor-widget-container\">\n\t\t\t\r\n<div id=\"ct_blog_carousel-2f8418d8\" class=\"ct-blog-carousel-layout1 ct-slick-slider\">\r\n    <div class=\"ct-carousel-inner\">\r\n        <div class=\"ct-slick-carousel\" data-arrows=\"false\" data-dots=\"true\" data-pauseOnHover=\"true\" data-autoplay=\"false\" data-autoplaySpeed=\"5000\" data-infinite=\"true\" data-speed=\"500\" data-dir=\"false\" data-colxs=\"1\" data-colsm=\"2\" data-colmd=\"2\" data-collg=\"3\" data-colxl=\"3\" data-slidesToScroll=\"2\">\r\n\r\n                    <div class=\"carousel-item slick-slide\">\r\n                <div class=\"grid-item-inner \">\r\n                                            <div class=\"item--featured image-effect-white\">\r\n                            <a href=\"https:\/\/centralgroup.africa\/index.php\/2020\/11\/10\/we-would-love-to-share-a-similar-experience\/\"><img decoding=\"async\" class=\"\" src=\"https:\/\/centralgroup.africa\/wp-content\/uploads\/2020\/11\/Art-370x300.jpeg\" width=\"370\" height=\"300\" alt=\"Art\" title=\"Art\" \/><\/a>\r\n                                                            <div class=\"item--date ct-date-box\">\r\n                                    <div class=\"item--date-inner\">\r\n                                        <span>10<\/span>\r\n                                        <span>Nov, 20<\/span>\r\n                                    <\/div>\r\n                                <\/div>\r\n                                                    <\/div>\r\n                                        <div class=\"item--body\">\r\n                                                    <ul class=\"item--meta ct-item-meta\">\r\n                                                                    <li class=\"item-author\">\r\n                                        <a href=\"https:\/\/centralgroup.africa\/index.php\/author\/xadeem\/\">xadeem<\/a>\r\n                                    <\/li>\r\n                                                                                                    <li class=\"item--category\">\r\n                                        <a href=\"https:\/\/centralgroup.africa\/index.php\/category\/consulting\/\" rel=\"tag\">Consulting<\/a>                                    <\/li>\r\n                                                            <\/ul>\r\n                                                <h3 class=\"item--title\"><a href=\"https:\/\/centralgroup.africa\/index.php\/2020\/11\/10\/we-would-love-to-share-a-similar-experience\/\">RETOUR DU BATEAU M\u00c9DICAL GLOBAL MERCY AU PORT DE DAKAR, LE PLUS GRAND NAVIRE-H\u00d4PITAL PRIV\u00c9 AU MONDE<\/a><\/h3>\r\n                                                    <div class=\"item--content\">\r\n                                Ce grand navire d\u2019une longueur de 174 m\u00e8tres et 28,6 m\u00e8tres de large dispose de 12 ponts. Il est \u00e9quip\u00e9 de 6 quartiers op\u00e9ratoires \u00e0&hellip;                            <\/div>\r\n                                                                            <div class=\"item--readmore\">\r\n                                <a class=\"btn-line-text\" href=\"https:\/\/centralgroup.africa\/index.php\/2020\/11\/10\/we-would-love-to-share-a-similar-experience\/\">\r\n                                    <span>Read more<\/span>\r\n                                    <i>+<\/i>\r\n                                <\/a>\r\n                            <\/div>\r\n                                            <\/div>\r\n                <\/div>\r\n            <\/div>\r\n                    <div class=\"carousel-item slick-slide\">\r\n                <div class=\"grid-item-inner \">\r\n                                            <div class=\"item--featured image-effect-white\">\r\n                            <a href=\"https:\/\/centralgroup.africa\/index.php\/2020\/11\/06\/we-glad-to-discuss-your-organisations-situation\/\"><img decoding=\"async\" class=\"\" src=\"https:\/\/centralgroup.africa\/wp-content\/uploads\/2020\/11\/art_1-370x300.jpeg\" width=\"370\" height=\"300\" alt=\"art_1\" title=\"art_1\" \/><\/a>\r\n                                                            <div class=\"item--date ct-date-box\">\r\n                                    <div class=\"item--date-inner\">\r\n                                        <span>06<\/span>\r\n                                        <span>Nov, 20<\/span>\r\n                                    <\/div>\r\n                                <\/div>\r\n                                                    <\/div>\r\n                                        <div class=\"item--body\">\r\n                                                    <ul class=\"item--meta ct-item-meta\">\r\n                                                                    <li class=\"item-author\">\r\n                                        <a href=\"https:\/\/centralgroup.africa\/index.php\/author\/xadeem\/\">xadeem<\/a>\r\n                                    <\/li>\r\n                                                                                                    <li class=\"item--category\">\r\n                                        <a href=\"https:\/\/centralgroup.africa\/index.php\/category\/hr-consulting\/\" rel=\"tag\">HR Consulting<\/a>                                    <\/li>\r\n                                                            <\/ul>\r\n                                                <h3 class=\"item--title\"><a href=\"https:\/\/centralgroup.africa\/index.php\/2020\/11\/06\/we-glad-to-discuss-your-organisations-situation\/\">C\u00c9R\u00c9MONIE DE REMISE DES ATTESTATIONS DE FORMATION DES DOCKERS<\/a><\/h3>\r\n                                                    <div class=\"item--content\">\r\n                                La c\u00e9r\u00e9monie de remise des attestations de formation des dockers s\u2019est tenue le mercredi 01 f\u00e9vrier 2023 au grand th\u00e9\u00e2tre, sous la pr\u00e9sence effective de&hellip;                            <\/div>\r\n                                                                            <div class=\"item--readmore\">\r\n                                <a class=\"btn-line-text\" href=\"https:\/\/centralgroup.africa\/index.php\/2020\/11\/06\/we-glad-to-discuss-your-organisations-situation\/\">\r\n                                    <span>Read more<\/span>\r\n                                    <i>+<\/i>\r\n                                <\/a>\r\n                            <\/div>\r\n                                            <\/div>\r\n                <\/div>\r\n            <\/div>\r\n                    <div class=\"carousel-item slick-slide\">\r\n                <div class=\"grid-item-inner \">\r\n                                            <div class=\"item--featured image-effect-white\">\r\n                            <a href=\"https:\/\/centralgroup.africa\/index.php\/2020\/10\/20\/in-this-context-our-main-approach-was-to-build\/\"><img decoding=\"async\" class=\"\" src=\"https:\/\/centralgroup.africa\/wp-content\/uploads\/2020\/10\/art3-370x300.jpeg\" width=\"370\" height=\"300\" alt=\"art3\" title=\"art3\" \/><\/a>\r\n                                                            <div class=\"item--date ct-date-box\">\r\n                                    <div class=\"item--date-inner\">\r\n                                        <span>20<\/span>\r\n                                        <span>Oct, 20<\/span>\r\n                                    <\/div>\r\n                                <\/div>\r\n                                                    <\/div>\r\n                                        <div class=\"item--body\">\r\n                                                    <ul class=\"item--meta ct-item-meta\">\r\n                                                                    <li class=\"item-author\">\r\n                                        <a href=\"https:\/\/centralgroup.africa\/index.php\/author\/xadeem\/\">xadeem<\/a>\r\n                                    <\/li>\r\n                                                                                                    <li class=\"item--category\">\r\n                                        <a href=\"https:\/\/centralgroup.africa\/index.php\/category\/consulting\/\" rel=\"tag\">Consulting<\/a>                                    <\/li>\r\n                                                            <\/ul>\r\n                                                <h3 class=\"item--title\"><a href=\"https:\/\/centralgroup.africa\/index.php\/2020\/10\/20\/in-this-context-our-main-approach-was-to-build\/\">VISITE DU MINISTRE BRITANNIQUE CHARG\u00c9 DU D\u00c9VELOPPEMENT ET DE L\u2019AFRIQUE<\/a><\/h3>\r\n                                                    <div class=\"item--content\">\r\n                                Le ministre britannique charg\u00e9 du d\u00e9veloppement et de l\u2019Afrique, M.Andrew Mitchell, a visit\u00e9 le Terminal de Concession de DPW au Port Autonome de Dakar, accompagn\u00e9&hellip;                            <\/div>\r\n                                                                            <div class=\"item--readmore\">\r\n                                <a class=\"btn-line-text\" href=\"https:\/\/centralgroup.africa\/index.php\/2020\/10\/20\/in-this-context-our-main-approach-was-to-build\/\">\r\n                                    <span>Read more<\/span>\r\n                                    <i>+<\/i>\r\n                                <\/a>\r\n                            <\/div>\r\n                                            <\/div>\r\n                <\/div>\r\n            <\/div>\r\n                    <div class=\"carousel-item slick-slide\">\r\n                <div class=\"grid-item-inner \">\r\n                                            <div class=\"item--featured image-effect-white\">\r\n                            <a href=\"https:\/\/centralgroup.africa\/index.php\/2020\/10\/06\/you-can-use-it-for-any-kind-website-like\/\"><img decoding=\"async\" class=\"\" src=\"https:\/\/centralgroup.africa\/wp-content\/uploads\/2020\/10\/delegation_ministre_transport3-370x300.jpeg\" width=\"370\" height=\"300\" alt=\"delegation_ministre_transport3\" title=\"delegation_ministre_transport3\" \/><\/a>\r\n                                                            <div class=\"item--date ct-date-box\">\r\n                                    <div class=\"item--date-inner\">\r\n                                        <span>06<\/span>\r\n                                        <span>Oct, 20<\/span>\r\n                                    <\/div>\r\n                                <\/div>\r\n                                                    <\/div>\r\n                                        <div class=\"item--body\">\r\n                                                    <ul class=\"item--meta ct-item-meta\">\r\n                                                                    <li class=\"item-author\">\r\n                                        <a href=\"https:\/\/centralgroup.africa\/index.php\/author\/xadeem\/\">xadeem<\/a>\r\n                                    <\/li>\r\n                                                                                                    <li class=\"item--category\">\r\n                                        <a href=\"https:\/\/centralgroup.africa\/index.php\/category\/investment-policy\/\" rel=\"tag\">Investment Policy<\/a>                                    <\/li>\r\n                                                            <\/ul>\r\n                                                <h3 class=\"item--title\"><a href=\"https:\/\/centralgroup.africa\/index.php\/2020\/10\/06\/you-can-use-it-for-any-kind-website-like\/\">RENFORCEMENT DE LA COOP\u00c9RATION S\u00c9N\u00c9GALO-MALIENNE<\/a><\/h3>\r\n                                                    <div class=\"item--content\">\r\n                                Mme Dembele Madina SISSOKHO Ministre des Transports a visit\u00e9 le Port Autonome de Dakar, dans le cadre du renforcement de la coop\u00e9ration S\u00e9n\u00e9galo-Malienne, pour la&hellip;                            <\/div>\r\n                                                                            <div class=\"item--readmore\">\r\n                                <a class=\"btn-line-text\" href=\"https:\/\/centralgroup.africa\/index.php\/2020\/10\/06\/you-can-use-it-for-any-kind-website-like\/\">\r\n                                    <span>Read more<\/span>\r\n                                    <i>+<\/i>\r\n                                <\/a>\r\n                            <\/div>\r\n                                            <\/div>\r\n                <\/div>\r\n            <\/div>\r\n                <\/div>\r\n    <\/div>\r\n<\/div>\r\n\t\t<\/div>\n\t\t\t\t<\/div>\n\t\t\t\t<div class=\"elementor-element elementor-element-234bcd8f elementor-widget elementor-widget-ct_client_carousel\" data-id=\"234bcd8f\" data-element_type=\"widget\" data-widget_type=\"ct_client_carousel.default\">\n\t\t\t\t<div class=\"elementor-widget-container\">\n\t\t\t    <div class=\"ct-client1 ct-slick-slider style1\">\r\n        <div class=\"ct-clients-list-inner\">\r\n            <div class=\"ct-slick-carousel\" data-arrows=\"\" data-dots=\"\" data-pauseOnHover=\"\" data-autoplay=\"true\" data-autoplaySpeed=\"5000\" data-infinite=\"true\" data-speed=\"500\" data-colxs=\"2\" data-colsm=\"3\" data-colmd=\"4\" data-collg=\"4\" data-colxl=\"5\" data-dir=\"false\" data-slidesToScroll=\"1\">\r\n                                        <div class=\"slick-slide\">\r\n                            <div class=\"client-image \">\r\n                                <a href=\"https:\/\/slack.com\" target=\"_blank\">\r\n                                    <img width=\"133\" height=\"44\" src=\"https:\/\/centralgroup.africa\/wp-content\/uploads\/2020\/11\/client1.png\" class=\"image-one attachment-full\" alt=\"\" decoding=\"async\" \/>                                                                            <img decoding=\"async\" width=\"133\" height=\"44\" src=\"https:\/\/centralgroup.africa\/wp-content\/uploads\/2020\/11\/client1.png\" class=\"image-two attachment-full\" alt=\"\" \/>                                                                    <\/a>\r\n                            <\/div>\r\n                        <\/div>\r\n                                                            <div class=\"slick-slide\">\r\n                            <div class=\"client-image \">\r\n                                <a href=\"https:\/\/www.google.com\/\" target=\"_blank\">\r\n                                    <img width=\"125\" height=\"44\" src=\"https:\/\/centralgroup.africa\/wp-content\/uploads\/2020\/11\/client2.png\" class=\"image-one attachment-full\" alt=\"\" decoding=\"async\" \/>                                                                            <img decoding=\"async\" width=\"125\" height=\"44\" src=\"https:\/\/centralgroup.africa\/wp-content\/uploads\/2020\/11\/client2.png\" class=\"image-two attachment-full\" alt=\"\" \/>                                                                    <\/a>\r\n                            <\/div>\r\n                        <\/div>\r\n                                                            <div class=\"slick-slide\">\r\n                            <div class=\"client-image \">\r\n                                <a href=\"https:\/\/envato.com\/\" target=\"_blank\">\r\n                                    <img width=\"134\" height=\"44\" src=\"https:\/\/centralgroup.africa\/wp-content\/uploads\/2020\/11\/client3.png\" class=\"image-one attachment-full\" alt=\"\" decoding=\"async\" \/>                                                                            <img decoding=\"async\" width=\"134\" height=\"44\" src=\"https:\/\/centralgroup.africa\/wp-content\/uploads\/2020\/11\/client3.png\" class=\"image-two attachment-full\" alt=\"\" \/>                                                                    <\/a>\r\n                            <\/div>\r\n                        <\/div>\r\n                                                            <div class=\"slick-slide\">\r\n                            <div class=\"client-image \">\r\n                                <a href=\"https:\/\/www.sketch.com\/\" target=\"_blank\">\r\n                                    <img width=\"144\" height=\"44\" src=\"https:\/\/centralgroup.africa\/wp-content\/uploads\/2020\/11\/client4.png\" class=\"image-one attachment-full\" alt=\"\" decoding=\"async\" \/>                                                                            <img decoding=\"async\" width=\"144\" height=\"44\" src=\"https:\/\/centralgroup.africa\/wp-content\/uploads\/2020\/11\/client4.png\" class=\"image-two attachment-full\" alt=\"\" \/>                                                                    <\/a>\r\n                            <\/div>\r\n                        <\/div>\r\n                                                            <div class=\"slick-slide\">\r\n                            <div class=\"client-image \">\r\n                                <a href=\"https:\/\/www.figma.com\/\" target=\"_blank\">\r\n                                    <img width=\"109\" height=\"44\" src=\"https:\/\/centralgroup.africa\/wp-content\/uploads\/2020\/11\/client5.png\" class=\"image-one attachment-full\" alt=\"\" decoding=\"async\" \/>                                                                            <img decoding=\"async\" width=\"109\" height=\"44\" src=\"https:\/\/centralgroup.africa\/wp-content\/uploads\/2020\/11\/client5.png\" class=\"image-two attachment-full\" alt=\"\" \/>                                                                    <\/a>\r\n                            <\/div>\r\n                        <\/div>\r\n                                                <\/div>\r\n        <\/div>\r\n    <\/div>\r\n\t\t<\/div>\n\t\t\t\t<\/div>\n\t\t            <\/div>\n        <\/div>\n                            <\/div>\n        <\/section>\n        \t\t\t\t\t<\/div>\n\t\t","protected":false},"excerpt":{"rendered":"<p>Our latest news Learn about our latest news from blog. 10 Nov, 20 admin Consulting We would love to share a similar experience The theory was first published in 2008 a press released under the name of Cliff Arnall, who at the time was a tutor at the&hellip; Read more + 06 Nov, 20 admin [&hellip;]<\/p>\n","protected":false},"author":1,"featured_media":0,"parent":0,"menu_order":0,"comment_status":"closed","ping_status":"closed","template":"","meta":[],"_links":{"self":[{"href":"https:\/\/centralgroup.africa\/index.php\/wp-json\/wp\/v2\/pages\/2063"}],"collection":[{"href":"https:\/\/centralgroup.africa\/index.php\/wp-json\/wp\/v2\/pages"}],"about":[{"href":"https:\/\/centralgroup.africa\/index.php\/wp-json\/wp\/v2\/types\/page"}],"author":[{"embeddable":true,"href":"https:\/\/centralgroup.africa\/index.php\/wp-json\/wp\/v2\/users\/1"}],"replies":[{"embeddable":true,"href":"https:\/\/centralgroup.africa\/index.php\/wp-json\/wp\/v2\/comments?post=2063"}],"version-history":[{"count":0,"href":"https:\/\/centralgroup.africa\/index.php\/wp-json\/wp\/v2\/pages\/2063\/revisions"}],"wp:attachment":[{"href":"https:\/\/centralgroup.africa\/index.php\/wp-json\/wp\/v2\/media?parent=2063"}],"curies":[{"name":"wp","href":"https:\/\/api.w.org\/{rel}","templated":true}]}}